s)?
9
Suppose 0 = c - r - 1747, -3*c - 561*r + 5241 = -562*r. What is the tens digit of c?
4
Let s(h) = 4*h + 27. Let q(c) = -3*c - 21. Let w be q(-14). Let j be s(w). Let f = -8 + j. What is the tens digit of f?
0
Let u = 255 + -263. What is the tens digit of 1/(-8) + (-2409)/u + -2?
9
Let y(l) = -271*l**2 + l - 4. Let d(c) = c**2 - c. Let k(b) = 2*d(b) - y(b). What is the hundreds digit of k(1)?
2
Suppose 0 = 13*s - 0*s - 7852. Let i = -188 + s. What is the tens digit of i?
1
What is the hundreds digit of (709 - 4 - 7)*((-231)/(-6) + 0)?
8
Suppose -71*u + 332672 = -887321. What is the tens digit of u?
8
Let a(x) = 44*x**3 - x**2 - 3*x + 1. Let s be a(2). Suppose 0 = -j - 4*j + 2*u - s, u = -j - 63. Let q = 119 + j. What is the units digit of q?
2
Suppose 3*u + 102 = -5*y, 79*u - 84*u = -3*y + 136. Let f be (-24)/14 - 4/14. What is the units digit of (-2 + -1 - f)*u?
9
Suppose 14*u + 8129 - 31313 = 0. Let p be 2/5 - 14/35. Suppose 75*r - 69*r - u = p. What is the units digit of r?
6
What is the hundreds digit of -1*(-1 - -2) - (-93509)/(13 - 0)?
1
Let u = -323 + 569. Let x = u + -29. What is the hundreds digit of x?
2
Let p = -2000 + 459. Suppose -121*y + 18 = -119*y - 3*a, 3*y + 5*a = -11. What is the hundreds digit of p/(-6) + y/18?
2
Suppose -3*l = 3*a - 210082 - 20936, -4*a + 6*l = -307994. What is the hundreds digit of a?
0
Suppose -4*n = -4*f + 7*f - 19540, f + 5*n = 6495. What is the hundreds digit of f?
5
Let u = 813 - 545. Let l be 9/((-2)/1 - -5)*(-52)/(-39). Suppose l*f - 2*y - 3*y = 356, 3*f - u = 4*y. What is the tens digit of f?
8
Let c = -1396 + 2393. Let r = c - 449. What is the hundreds digit of r?
5
Suppose -4*p + 95*u + 244535 = 98*u, 5*p = 4*u + 305661. What is the units digit of p?
3
Let u(i) = 250*i**2 - 85*i + 696. What is the units digit of u(13)?
1
What is the hundreds digit of 2/((-1 - -4) + (-28348)/9462)?
4
Let f be 492/(-7) - (-20)/70. Let q = -72 - f. Let c = 2 - q. What is the units digit of c?
4
Let g = 50 + -31. Suppose -5 = 2*x + 5, 0 = -v - 2*x - g. What is the tens digit of 22/(-3 - 29/v)?
9
Let i = 10792 - 8014. What is the thousands digit of i?
2
Suppose -60*y = 22*y - 2740932. What is the tens digit of y?
2
Let z(n) = -39 - 312*n + 43 - 33 - 13. What is the hundreds digit of z(-1)?
2
Let c(w) be the first derivative of -w**3/3 - 23*w**2/2 - 10*w + 45. What is the units digit of c(-12)?
2
Suppose 141*o - 3181060 = 24*o + 1130039. What is the tens digit of o?
4
Let h = -10 - -14. Suppose -6 = -6*u + h*u. Suppose 5*b = d + 5, 0 = -4*d - 2*b - u*b + 30. What is the units digit of d?
5
Suppose -3*m + 3*s = -8184, -17 = -5*s - 32. What is the thousands digit of m?
2
Let j be ((-1)/(-3))/(5/60). Suppose 0 = -3*z - 4*u + 6*u + 1871, -j*u + 605 = z. What is the tens digit of z?
2
Suppose 2*a - j - 2 = 9, -18 = -3*a + 3*j. Suppose -6 - 3 = 3*c, 371 = 2*s + a*c. What is the tens digit of s?
9
Let j = -352 - -353. Suppose 11*v = j + 1462. What is the units digit of v?
3
Let w = 1224 + 2232. What is the tens digit of w?
5
Let n(k) = -k**2 - 10*k - 16. Let b be n(-8). Suppose b*y + 3 = -3*y. What is the units digit of 6 + -1 - (y + 0/(-1))?
6
Suppose 0 = d + m + 14, -5*m + 37 = 3*d + 81. Let q(o) = -4*o**2 - 29*o + 7 + 2 + 2*o**2. What is the units digit of q(d)?
8
Let r = -12 - -10. What is the units digit of (-2)/2 + (5 - 993)/r?
3
Let j = 9131 - 3682. What is the thousands digit of j?
5
Let j(m) = -161 - 26 - 35*m - 167*m - 27. What is the hundreds digit of j(-6)?
9
Let u = 437 + -708. Let t = u + 468. What is the units digit of t?
7
Suppose -93*n = -84*n + 81. Let h(x) = -12*x - 4. Let p be h(4). What is the units digit of (p/(-3))/((-1)/n*6)?
6
Let y be (5 - (0 + 1)) + (14 - 16). Let b be 2 - 6 - -41 - (2 + y). Let q = 43 - b. What is the units digit of q?
0
Suppose 4*c + 2*u + 11992 = 92294, u = -5*c + 100385. What is the thousands digit of c?
0
Let b(v) = 3*v - 31. Let f be b(-9). Let s = 166 + f. Suppose -8*m + 4*m + s = 0. What is the units digit of m?
7
Suppose -33*v - 5*f = -34*v + 21479, 0 = 3*v - 5*f - 64487. What is the hundreds digit of v?
5
Let m(f) = 5*f**3 + 5*f**2 - 13*f - 49. Let w(j) = -j**3 + j + 2. Let l(i) = -m(i) + 3*w(i). What is the tens digit of l(-5)?
5
Let w be -5*12/(-20)*-1. Let z be (-1)/(2/6*w). Let j(k) = 4*k**3 + k. What is the units digit of j(z)?
5
Let g be 8/6*(3 + (-54)/(-4)). What is the tens digit of 11/g + 1551/6?
5
Suppose 4*q + 4*u + 4 = 0, 5*q = -0*q + 3*u + 3. Suppose 4*k = 5*s + 90, -4*k = -3*s - q*s - 86. Let p = 62 - k. What is the units digit of p?
2
Suppose -12*c - 1818 = -6*c. Let z = 564 - c. What is the tens digit of z?
6
Suppose -14053369 = -235*q + 254606. What is the thousands digit of q?
0
What is the hundreds digit of (-4593)/(-11) + (2040/(-9350))/(4/10)?
4
What is the hundreds digit of 3748/15*3*5?
7
Let k(b) be the first derivative of b**4/4 + 2*b**3/3 - b**2/2 + 71*b - 46. What is the tens digit of k(0)?
7
Suppose 0 = 6*b - b + 340. Let r = b - -72. Suppose -r*w = -3*q + 6 + 30, -3*q + 2*w + 36 = 0. What is the tens digit of q?
1
Let t(r) be the third derivative of 11*r**5/60 - 7*r**4/8 + 10*r**3/3 + 29*r**2 - r. What is the units digit of t(6)?
0
What is the hundreds digit of (-357 - -2)*(-36 + (19 - 17))?
0
Suppose 3*h - 435 = u + 407, 2*h - 566 = 3*u. Let d = h + -112. What is the units digit of d?
8
Let q be ((-96)/80)/(3/(-290)). Let s = 51 - q. Let j = s - -275. What is the units digit of j?
0
Let b(s) = 2*s**2 + 18*s + 18. Let j be b(-9). Suppose -u + j = -47. What is the tens digit of u?
6
Suppose 14*r - 165489 = 37453 + 521600. What is the hundreds digit of r?
7
Suppose 11 + 25 = 6*m. Suppose 2*f + 5*j - 559 = m*j, 0 = 5*j + 5. What is the tens digit of f?
7
Let v(h) = -412*h + 1473. What is the hundreds digit of v(-6)?
9
Let o = -59 - -61. Let f be ((-26)/(-6) + 2/(-6))/o. Suppose 2*a + f*n = 5*n + 365, -n - 375 = -2*a. What is the hundreds digit of a?
1
Suppose -2*p = 3*p - 20. Suppose -28 = -4*m + p*r, m + r + 2 = 1. Suppose 2*f = m*s + 108, -3*f + 2*s - 81 + 238 = 0. What is the units digit of f?
1
Let z = -136981 + 220114. What is the ten thousands digit of z?
8
Let t = 2652 - -21535. What is the hundreds digit of t?
1
Let u be (-70 - -1)*1/(-3). Let s = -20 + u. What is the hundreds digit of (((-2)/s)/2)/(25/(-8625))?
1
What is the ten thousands digit of 1*(-6)/(-15) + -12477*416/(-195)?
2
Suppose -2*o + 2170 = 4*o - 39086. What is the units digit of o?
6
Let m(s) = 241*s - 1031. What is the thousands digit of m(28)?
5
Suppose 60*q - 556686 - 285054 = -172560. What is the hundreds digit of q?
1
Let z = -3069 + 5529. What is the units digit of z?
0
What is the units digit of (601 - 92)/(0 - 2/(-4))?
8
Let k = -5 - -4. Let o be (6 - 14)*k/2. Suppose 231 = 4*m - 0*n - 3*n, -2*n = o*m - 226. What is the units digit of m?
7
Suppose -267 = -4*h + 181. Suppose h*x = 110*x + 1032. What is the hundreds digit of x?
5
Suppose -995 = -2*i + 3691. Suppose 0 = 3*c - 2*s - 1749, -3*c = 3*s - i + 579. Suppose -12*l + 327 + c = 0. What is the tens digit of l?
7
Let r be (-9 - -7)*(-73)/2. Let b = -75 + r. What is the tens digit of 5/b - -2 - (-84)/8?
1
Let o be (-4)/(-16) - 147/12. Let t(g) = -2*g - 26. Let b be t(o). Let i(q) = 2*q**2 - 4. What is the units digit of i(b)?
4
Let k be (1/(-3)*-4)/(156/351). Suppose -742 = -k*v - 88. What is the hundreds digit of v?
2
Suppose 27*u = 57938 + 34348. What is the units digit of u?
8
Suppose -29793 = 51*w - 52*w - 4*s, -148902 = -5*w + s. What is the thousands digit of w?
9
Let x(f) = 2*f - 6. Let u be x(6). Let b be (u/(-10))/(-3) - (-19)/5. Let a = b - -15. What is the tens digit of a?
1
Let h be 48*(-15)/(45/(-354)). What is the tens digit of (h/16)/((-6)/3 + 3)?
5
Let o = -19114 - -80458. What is the hundreds digit of o?
3
Let z(a) = 34*a**3 - 31*a**2 + 12*a - 15. What is the thousands digit of z(7)?
0
Let h(j) = -31*j + 12*j + 24*j - 4. Let x be h(6). Suppose -2*m + y = -122, 5*m + 5*y - 316 + x = 0. What is the tens digit of m?
6
Suppose 7*k + 0 = -0. Suppose k*a = -3*a - 2*z + 26, -2*z = a - 14. Suppose 9*j - a*j = 186. What is the tens digit of j?
6
What is the hundreds digit of 3743/38*(-302 + 4)/((-2)/4)?
7
Let l(v) be the third derivative of 0*v + 1/30*v**5 + 34*v**2 - 9/2*v**3 + 0 - 2/3*v**4. What